 8/20). Let k(p) = 3*p**2 + 1. What is k(o)?
4
Let f(j) = -6*j**3 - 8*j**2 + 14*j. Let g(m) = -5*m**3 - 8*m**2 + 12*m + 1. Let o(y) = 6*f(y) - 7*g(y). Let v = -1 + 9. Calculate o(v).
-7
Let l(h) = 3*h**2 - 16*h - 4. Let u(w) = -2*w**2 + 8*w + 1. Let p(t) = t**2 + 1. Let q(m) = -p(m) - u(m). Let y(k) = 2*l(k) - 5*q(k). Determine y(-8).
2
Suppose 2*m + 0*s + 6 = 2*s, 2*m = -2*s + 10. Let z be 60/(-36)*(-3)/m. Let c(v) = -21 - v**2 + z*v + 0*v**2 + 19. Calculate c(3).
4
Let b(r) = r**2 - 7*r + 7. Suppose 28 - 160 = -22*m. Calculate b(m).
1
Let m(i) = i**2 + 5*i + 3. Let n be m(-5). Let v(a) be the first derivative of -3*a + 5/3*a**3 - 1/4*a**4 + 19 - a**2. Calculate v(n).
9
Let n(y) = -2*y**2 + 2*y - 2. Suppose -4*w = -0*w - 8. Suppose -2 = -2*p, -h + 5 = 2*h + w*p. Suppose k + h = 4. Calculate n(k).
-14
Let u(o) = -o**2 + 2*o + 3. Let v = -8 + 11. Suppose v*z = -4*g + 5, -3*g + 2 = -5*g. Calculate u(z).
0
Let c(l) = 10*l - 1. Let i = 3 - 2. Let o(w) = w + 1. Let x(f) = i*c(f) - 6*o(f). What is x(5)?
13
Let k = 1354/3 - 451. Let d(w) be the second derivative of 1/20*w**5 + 0*w**2 + 0 + k*w**3 - 5*w + 0*w**4. Give d(-2).
-12
Let d(l) be the third derivative of -l**4/24 - l**3/2 + 14*l**2 + 1. Let i(w) = -4*w**3 + 1 + 6*w**2 - 6*w + 5*w**3 - 2*w**3. Let p be i(5). What is d(p)?
1
Let b(g) be the second derivative of -1/60*g**5 + 1/3*g**4 + 0 + g - 7/6*g**3 + g**2. Let v(y) be the first derivative of b(y). What is v(5)?
8
Let f(c) = -c**2 - 4*c - 2. Let u be 3/((15/60)/(2/(-3))). Let n(z) = -z**3 + 8*z**2 - 2*z + 12. Let y be n(8). Let g = u - y. Give f(g).
-2
Let y(g) = g**3 - 19*g**2 + 13*g + 88. Let z be y(18). Let h(f) = 8*f. What is h(z)?
-16
Let l(g) = 5*g + 2. Let s(q) = 15*q + 6. Let i(z) = 8*l(z) - 3*s(z). Determine i(-7).
33
Let g(d) = 5*d**2 + d - 3. Let i be g(-2). Let r be i/(-9)*-3 - 2. Let b(k) = -k**3 + k**2 + 5*k - 4. Calculate b(r).
-7
Let k(m) = m**2 - 5*m - 13. Let i be (7 - 14)/(3/(-3)). Calculate k(i).
1
Let x(s) = -785*s + 391*s + 393*s + 13. Calculate x(-6).
19
Suppose -5*t = -3*w + 5, -25 = -2*w + 15*t - 16*t. Let u(c) = c**2 - 10*c + 3. Calculate u(w).
3
Let o(f) = 4*f + 29. Suppose 27*h - 24*h = 4*k - 28, -6 = h + 2*k. Calculate o(h).
-3
Let k(y) = 2*y. Let j(l) = 4*l - 1. Let s(g) = -6*j(g) + 10*k(g). Let n(f) = f**3 + 12*f**2 + 8*f - 27. Let d be n(-11). Calculate s(d).
-18
Let j(n) = n - 9. Let g = -855 + 857. Give j(g).
-7
Suppose -3 = -o - 15. Let y be (-16)/(-6)*o/(-16). Suppose y*i = -4*k + 13 - 3, 7 = 4*k + 3*i. Let g(j) = -j + 1. Calculate g(k).
-3
Let h(p) = -6*p**2 - 3*p - 3. Let j(n) = 3*n**2 + 4*n + 1 + 1 - 5*n + 3*n. Let q(w) = 3*h(w) + 5*j(w). Let d be (-70)/77 + 5/(-55). Give q(d).
-3
Let h(x) = x**3 + x**2 - x - 1. Suppose -4 = -2*v - 2*v. Let n(y) = -4*y**3 - 7*y**2 - y + 1. Let f(u) = v*n(u) + 3*h(u). Determine f(-2).
-2
Let z(o) = 30 - o**3 - 2*o - 6*o**2 - 11 - 7 - 8. Determine z(-3).
-17
Let i be (-62)/((-12)/(-45)*25/30). Let m be 6/21 + i/21. Let x(r) = -r - 7. Determine x(m).
6
Let l(s) be the second derivative of -s**5/20 + s**4/2 - s**3 + 5*s**2/2 - s. Suppose 8 = 26*r - 22*r. Let a be 1 - -1 - (-1 - r). Determine l(a).
0
Suppose 2*u - v = -48, 5*u + 3*v - 34 = -165. Let i be (-80)/u*(-15)/(-6). Let x(o) = -o + 2. Let a be x(i). Let n(z) = -z + 2. Determine n(a).
8
Let x(t) = -5*t**3 - 12 + 15 - 6*t**2 - 5*t + 4*t**3. Suppose -2*h - 5*j = 0, -3*h = -3*j + 8 + 13. Calculate x(h).
3
Let o(u) be the second derivative of u**4/4 - u**3/6 + u**2/2 + 46*u. Give o(1).
3
Let t(b) = -13*b**3 - 3*b**2 + 7. Let c(q) = -15*q**3 - 3*q**2 + 8. Let y(x) = -6*c(x) + 7*t(x). Determine y(-3).
1
Let h = 2 - 2. Suppose h = 3*f + f - 24. Let c(s) = 9*s**2 - 21*s - 4. Let l(w) = -5*w**2 + 11*w + 3. Let y(m) = 4*c(m) + 7*l(m). What is y(f)?
-1
Suppose -w = -5*s - 18, 3*s - 5 = -14. Let a = w - 0. Suppose -n + 4 - a = 0. Let t(h) = -15*h + 1. Determine t(n).
-14
Let n(r) = 21*r + 77. Let b be n(-4). Let j(w) = 2*w - 5. Calculate j(b).
-19
Suppose 2*w + 4*r + 26 = 0, 0 = -w + 3*r + 15 - 3. Let k(z) be the second derivative of -z**5/20 - z**4/3 - z**3/2 + z**2/2 + 402*z - 2. Give k(w).
1
Let b(g) be the first derivative of 1/3*g**3 - 8 - 5*g + 2*g**2. Determine b(-6).
7
Let l(m) be the first derivative of m**3/3 + 7*m**2/2 + 7*m + 64. Calculate l(-6).
1
Let u(w) = -w. Suppose -o - 5 = -42. Let z = 31 - o. Calculate u(z).
6
Suppose 12*k - 9 = 9*k. Let v(r) = k - 99*r + 105*r + r**2 + 0. Suppose -2*x = q + 13, -2*q - 3*x + 3 - 25 = 0. Determine v(q).
-2
Suppose -85 = 2*f + 3*f. Let h = f + 7. Let a(i) = i**2 + 10*i + 1. Determine a(h).
1
Let q be -78*3/(27/(-6)). Let d = 57 - q. Let n(p) = p**3 - 6*p**2 + p - 2. Calculate n(d).
-22
Let n(o) = -6*o**3 + 4*o**2 + 7*o - 4. Let q(d) = -5*d**3 + 4*d**2 + 5*d - 4. Let c(z) = 6*n(z) - 7*q(z). Determine c(-5).
-6
Suppose 4*k - 25 = -3*b, -5*k + 52*b = 47*b - 5. Let p(x) = -x**2 + 6*x - 8. Give p(k).
0
Let x(o) = o**3 + 2*o**2 - 4*o. Suppose -10 = 3*u - 2*w, -2*w + 6*w - 8 = 0. Let j be (6*(-2)/8)/(u/(-4)). Calculate x(j).
3
Let z(p) = 35*p + 37*p + 38*p - p**3 + 32*p + p**2 - 141*p. Determine z(-2).
10
Let h(n) = n + 2*n + 7 - 16 - 2*n + 3. Calculate h(4).
-2
Let y = 34 - -2. Let l = y + -11. Let a = 24 - l. Let d(g) = -7*g + 1. What is d(a)?
8
Let w(x) = -x - 10. Suppose -45 + 27 = -6*p. Suppose -4*y = -4*a - 24, -2*y = p*a - 13 + 36. What is w(a)?
-3
Let j(t) = t**3 - 9*t**2 + 9*t - 1. Let s = 129 - 121. Give j(s).
7
Let o(a) = a**2 + a + 3. Let t = 291 + -286. What is o(t)?
33
Let c(r) be the third derivative of -r**4/24 - r**3/6 - r**2. Suppose 39 + 60 = 9*s. Suppose -24 = -8*d + s*d. Calculate c(d).
7
Let a(q) = -q. Let f(n) = -38*n**2 - 5*n + 1. Let z(o) = 5*a(o) - f(o). What is z(1)?
37
Suppose 11*n = 9*n - 8. Suppose -2*v + 18 = 4*x, 0 - 2 = 4*x - 2*v. Let z(k) = 3*k - k - x*k - k - 7. Determine z(n).
-3
Let d(i) = 3*i + 9 + 11 - 3 - 20 - 9*i. Let g be -1 - 1*(3 + -1). Give d(g).
15
Let p(z) = -3*z + 3. Suppose -17 = -2*w + 4*d - 7*d, -5*w - 15 = -4*d. Calculate p(w).
0
Let s(p) = -p**3 + 15*p**2 - 27*p + 18. Suppose -3*a + 14 = -5*f, 3*a - f - 49 = -3*f. Let g be s(a). Let v(j) = 2*j**2 - 3*j - 3. Give v(g).
32
Suppose 368 = -149*a + 172*a. Let j(n) = -n**3 + 16*n**2 - 19. Determine j(a).
-19
Let o(j) = -5*j**2 + 4*j**2 - 8*j + 0*j**2 + 6*j. Determine o(0).
0
Let u(d) = -d**2 - 6*d - 9. Let p be (-3)/(-36) + 1323/(-324). Calculate u(p).
-1
Let k(b) = -b**3 - 2*b**2 + 3*b + 3. Let d = -333 - -331. Determine k(d).
-3
Let u(x) = x + 12. Let v be u(-7). Let d(q) = 8*q + 5. Let h(l) = -9*l - 6. Let y(a) = v*h(a) + 6*d(a). Calculate y(-1).
-3
Let r be 8 - (-3)/(-1) - 3. Let l be (r/4)/((-3)/(-24)). Let o = l - 0. Let x(g) = -g**3 + 3*g**2 + 6*g - 1. Give x(o).
7
Suppose 26 = -16*w - 70. Let t(u) = 2*u**2 - 4*u**2 - 2*u**2 + 3*u**2 - 6*u. Calculate t(w).
0
Let h = 7 - 5. Let v(f) = -3*f**2 + 5*f - 4. Let o be v(h). Let l(p) be the second derivative of -p**4/12 - 5*p**3/6 + 15*p. Determine l(o).
-6
Let v(j) be the first derivative of -j**3/3 + j**2/2 + 11*j + 365. What is v(6)?
-19
Let h = 73 + -21. Let x = 44 - h. Let w(n) = n**3 + 9*n**2 + 9*n + 9. Give w(x).
1
Suppose -25 = -4*i + 31. Let h(l) = -26*l**3 + 6 + 7*l + 11*l**3 + i*l**3 - 5*l**2. Let x = -6 - 0. What is h(x)?
0
Suppose -x + 10 = -3*x. Let i be 156/20 + 2/10. Let d(p) = -3 + 3*p + i - 2*p + 1. Give d(x).
1
Let z(r) be the third derivative of r**7/2520 - r**6/240 - r**5/40 + r**4/12 + 8*r**2. Let i(t) be the second derivative of z(t). Give i(6).
15
Let h(s) = 5*s**2 + 23*s + 8. Let i(z) = -6*z**2 - 26*z - 9. Let n(f) = -7*h(f) - 6*i(f). Give n(4).
-6
Suppose -2*k + 2 = 8. Let v(q) be the second derivative of q**5/20 + q**4/4 + q**2/2 - 5*q - 34. Determine v(k).
1
Let q(b) = b. Suppose 4*j = 4*a + 8, -5*a + j + 4 = -6*a. Calculate q(a).
-3
Let h(t) = 563*t - t**2 + 565*t - 1115*t - 13. Determine h(12).
-1
Let y(i) = i**3 + 5*i**2 + 5. Let r be y(-5). Let x(u) = -u**2 + u - 2. Let d(t) = -t**2 - 10. Let v(q) = d(q) - 2*x(q). Determine v(r).
9
Let m(q) = -q - 4*q**2 - q**2 + 13*q**2 + 7*q**2. Give m(-1).
16
Let j be 12/3*(-795)/(-10). Let n(d) = -2*d - j + d**2 + 318. Determine n(-2).
8
Let a(k) = 6*k + 16. Suppose -3*p = -2*z + 30, 2*p + 0*p = 4*z - 20. Let r be (-12 + -3)*(-4)/p. Let l(m) = 5*m + 15. Let i(d) = r*